e (-22)/99 + (-152)/(-36). Let h(b) be the second derivative of b**4/24 - b**3/2 + b**2 - 3*b. Let k(x) be the first derivative of h(x). Give k(q).
1
Let a(r) = 4*r**2 - 3*r - 1. Let m(y) = 2 - y**3 - 1 + 0 + y. Let q be 13 - 22 - (0 - 10). Let g(t) = q*m(t) + a(t). What is g(2)?
4
Let f(g) be the third derivative of g**6/120 + 17*g**5/60 + g**4/12 + 41*g**3/6 + 25*g**2 - 3*g. Determine f(-17).
7
Let r(v) = -16*v - 320 - 318 - 323 - 307 + 1228. Determine r(-3).
8
Let j(y) = -3*y**3 - 3*y**2 - y - 2. Let b be j(-2). Let v(t) = t**3 - 13*t**2 - 6*t - 15 + 17*t + 2*t**3 + 20 - 2*t**3. What is v(b)?
-7
Let z(h) = h + 1. Let t(f) = -6*f - 37. Suppose -25 = 31*d - 6*d. Let x(r) = d*t(r) - 3*z(r). What is x(-11)?
1
Let q(d) = -2*d**2 - 2. Let w = 57 - 129. Let g be (-8)/w*-4*9/(-2). Give q(g).
-10
Let c(x) be the third derivative of 7*x**4/24 - x**3/2 + 13*x**2 + x. What is c(-9)?
-66
Let b(v) = v - 4. Let a(d) = -2*d + 36. Let l be a(-11). Let u = l - 44. Let w be (u/21)/((-1)/6). Determine b(w).
-8
Let a(r) = r**2 - 988*r - 981*r - 2 + 1972*r. Let l = 6 + -11. What is a(l)?
8
Let g(z) = -z**3 - 5*z**2 - 5*z - 4. Suppose 0 = a + 4, 0*a - 2*a = 3*k - 49. Let o = k + -57. Let i = -42 - o. Give g(i).
0
Let y(a) = a**2 + a. Let d be (-4)/(-14)*(10 - 3 - 0). Let u(l) = d - 21*l - 3 + 20*l - l**2. Let r be u(-2). Determine y(r).
6
Let i(j) be the second derivative of -j**4/4 + 5*j**3/3 - 5*j**2 + 1115*j. Calculate i(3).
-7
Suppose -4*b = 3*o - 425, -6 = 2*b - 4. Let t = -138 + o. Let p(m) = -2*m + 3. Calculate p(t).
-7
Let s(c) = -c**2 + 6*c - 4. Let d(w) = 3*w - 4. Let l be d(3). Let h be (4*(-18)/45)/((-1)/l). Calculate s(h).
-20
Suppose 0 = 10*p - 63*s + 66*s - 32, -4*s - 64 = 0. Let m(y) = 2*y + 10. Let c(o) = o + 5. Let r(j) = -9*c(j) + 4*m(j). Give r(p).
-13
Let j(h) be the third derivative of h**4/6 - 7*h**3/2 + 1741*h**2. Determine j(-18).
-93
Suppose 3 + 13 = 4*t. Let y be 1/(-2) - 2/t. Let r(d) = 4*d**2 - 2*d - 1. What is r(y)?
5
Let h(q) = -1039*q - 2. Let l(r) = -1386*r - 1. Let k(n) = -4*h(n) + 3*l(n). Suppose 0 = -3*i + 7*i - 24. Give k(i).
-7
Suppose -144 = -3*l + 2*g - 155, 5*g = 20. Let n(f) = 24*f**2 + f. Give n(l).
23
Let q(y) = -7*y - 30. Let l be 1/(3/(-7))*(41 + -38). Give q(l).
19
Let l(d) = d + 8. Let b(g) = -g**3 + 4*g**2 + 2*g + 25. Let w be b(5). Suppose -3*y = -2*f - w, -9*y + 10 = -14*y - 2*f. Calculate l(y).
8
Let p(m) = 7*m**3 + 7*m**2 - 6*m - 25. Let r(s) = 8*s**3 + 7*s**2 - 5*s - 25. Let o(d) = 7*p(d) - 6*r(d). Give o(-8).
7
Let h(k) = -k - 1. Let u(w) = -w + 1. Let i(m) = -2*h(m) + u(m). Let o be i(-1). Let v(d) = -5 - 1 + 0 + 7 - 3*d. What is v(o)?
-5
Let j = -68 + 68. Suppose n - 3 = -j. Let i(z) = -3 + 5*z + 7*z**2 - 4*z - z**3 - 2*z + 0*z**n. Give i(7).
-10
Let f(m) = -m - 4. Suppose 5 = 5*l - 130. Let d = -7 + l. Suppose -d = -3*u + 2*s, 2*u = 6*u - 2*s - 26. What is f(u)?
-10
Let y(j) = j**2 - 17*j - 31. Let p = -3211 + 3226. Calculate y(p).
-61
Let k be (8 + 184/(-23))*(-1)/(-1). Let o(b) = b - 83. Calculate o(k).
-83
Let p(t) = -t**2 - 184*t - 7791. Let v be p(-118). Let x(w) be the first derivative of w**4/4 + w**3/3 - 3*w**2/2 - 4*w + 1. Determine x(v).
-13
Let j be 84/(-126) + (-11)/(-3). Let m(i) = 3*i**2 - 4*i + 4. Determine m(j).
19
Let g(k) = -k**2 + 10*k + 15. Suppose q + 0*q = u - 24, q + 20 = 5*u. Suppose 3*z = j + 32 + 16, -4*j = -2*z + 152. Let w = q - j. What is g(w)?
4
Let s(a) = -8*a + 277. Suppose 5*u - 5*p = 180, -72 = -167*u + 165*u + p. What is s(u)?
-11
Let c(p) = -74925*p**2 + 11*p + 6*p + 74921*p**2. What is c(8)?
-120
Let b(q) = 19*q + 29. Let s(w) = 3*w + 6. Let i(y) = -4*b(y) + 19*s(y). Calculate i(8).
-154
Let t = -98 - -113. Let k(b) = 11*b**2 - b**3 + 4 - 15 + t - 10*b. Suppose 0*p = -p + 10. What is k(p)?
4
Let w(y) = -4*y**2 + 6*y - 8. Let z be -4 + 10/(-4)*44/(-22). Let o(n) = -5*n**2. Let q(r) = z*o(r) - w(r). Give q(-7).
1
Let h(y) = -15 - 9*y - 20*y**3 + 9 + 7*y**2 + 21*y**3. Suppose -3*u + 5*t = -15, u + 3*t = 3*u - 9. Suppose 2*a = 2*p - u*p + 26, -2*a + 10 = 0. Determine h(p).
2
Suppose 5*i + 20 = 0, -2*a - 21 - 21 = -2*i. Let m = -15 - a. Let p(s) = s**3 - 10*s**2 - 2*s + 15. Give p(m).
-5
Let t(s) = -2*s**3 - 15*s**2 + 8*s + 4. Let q be t(-8). Suppose -3*b = b + x + 27, 4*x + 12 = -q*b. Let i(m) = -4*m + 2. What is i(b)?
34
Suppose 4*z + b - 25 = 0, -2*z - 2*b = b - 25. Let h be -4 + (-3 - -5) - -4. Let o(t) = -1117*t**3 - h*t + 5*t**2 + 1116*t**3 + 2 + 4. Give o(z).
-4
Let x = -279 - -285. Let u(i) = -3 + 47*i - x - 49*i. Determine u(-6).
3
Let l(r) be the first derivative of -5*r**4 + 48 - r - 634*r**2 + 634*r**2. What is l(1)?
-21
Let a(f) = -78*f + 60. Let u(t) = 57*t - 59. Let j(r) = 3*a(r) + 4*u(r). Give j(-8).
-8
Let j(g) be the second derivative of 5*g + 1/2*g**2 + 1 + 1/6*g**3. Give j(1).
2
Let h be (-12 + 40)/(4/2). Let j(i) = -3*i + 40. Let n be j(h). Let a(y) = y + 2. Give a(n).
0
Let p = -99 - -101. Let j(i) = -2*i - 10 - 6 + 15 + 2*i**p + 20*i**2. Determine j(-1).
23
Let z(j) = 30*j - 118. Let f(y) = -11*y + 38. Let g(x) = 8*f(x) + 3*z(x). Give g(22).
-6
Let s(i) = i**2 + 7*i + 14. Suppose -206 = 5*m - 216. Suppose -1 = -m*j + 3*l, -31 = 5*j - 3*l - 20. Give s(j).
2
Let u(d) = d**2 - 5*d + 4. Let j(l) = 2*l - 8. Let o be j(-12). Let w = 37 + o. Suppose -w*k + 6 = -9. Give u(k).
-2
Let v(j) = -j**2 - 23*j - 53. Let u(i) = 4*i**2 - 26*i - 10. Let k be u(6). What is v(k)?
-31
Let s(q) = -q**3 - 8*q**2 - 2*q - 10. Let z be (-10)/375*5 - (-826)/(-105). Calculate s(z).
6
Let h(u) = 4*u**3 - 19*u**2 - 10*u + 42. Let v(j) = 2*j**3 - 10*j**2 - 5*j + 22. Let t(b) = -6*h(b) + 13*v(b). What is t(8)?
-6
Suppose 0 = -2*l - 2*l - 1544. Let g = -270 - l. Let f(i) = g*i + 20*i**3 + 114*i + i**2 - 230*i. Give f(1).
21
Let q(z) = -5*z - 60. Let l = -240 - -230. Let s be q(l). Let g(f) = -f**2 - 10*f - 13. Determine g(s).
-13
Let a(u) = -5*u - 1. Let x be a(-3). Let i(v) be the second derivative of -v**4/12 + 5*v**3/2 - 13*v**2/2 + 12594*v. Give i(x).
1
Let f(k) = -5*k**3 + 14*k**2 + 8*k + 2. Let d be (-684)/(-399)*7/(-2). Let s(b) = -b**3 + b**2 + b - 1. Let t(y) = d*s(y) + f(y). Calculate t(-8).
-8
Let k(a) = -a**2 - 10*a + 14. Let o(g) = -6*g**2 - 51*g + 70. Let v(r) = -11*k(r) + 2*o(r). Let x = 889151 + -889145. Determine v(x).
-2
Let k be (-170)/255 - (3 - (-33)/(-9)). Let i(h) = -17*h + 2. Determine i(k).
2
Suppose -38 + 17 = 7*z. Let o be (6/18)/((-2)/1854*z). Let i(g) = -32*g + o*g - 36*g - 31*g. What is i(-1)?
-4
Let f(u) = u**3 + 3*u**2 + 4*u + 3. Suppose 4 = 3*h - 3*g - 17, -h - 3*g - 9 = 0. Suppose 0*n + 5*n = v - 14, h = -3*v. Give f(n).
-9
Suppose -5*z = 3*y + 10, 4*y + z + z = 10. Suppose -2*u + 5*q - 4 + 25 = 0, -4*u + 37 = -y*q. Let o(w) = -w**2 - 7*w + 27*w - 2 + 0 - 10*w. Calculate o(u).
14
Let s(t) = -9*t**3 + 11*t**2 + 20*t - 6. Let o(u) = 16*u**3 - 21*u**2 - 37*u + 11. Let q(h) = 5*o(h) + 9*s(h). Give q(-4).
-11
Suppose 2*v + 52 = 60. Suppose w = 2*j - 8 - 11, v*w = j - 20. Let c(f) = f - 12. Give c(j).
-4
Let j be 945/(-441)*28/12. Let s(c) = -4*c**2 - 4*c - 13. Calculate s(j).
-93
Let s(j) = j**2 - 7*j - 7. Suppose -5*c - 5*d + 50 = 0, -4*d - 8 = c - 6. Let l(a) = -30*a + 427. Let o be l(c). Give s(o).
-7
Suppose -5*l + 92 = 34 + 38. Let w(b) = -b**3 + 4*b**2 + 3*b - 3. Calculate w(l).
9
Let s(p) = 22*p**2 - 20*p + 9. Let z(k) = 12*k**2 - 11*k + 5. Let u(w) = -4*s(w) + 7*z(w). Let n(o) = o**2 - 42*o + 188. Let x be n(5). Calculate u(x).
-28
Let t(p) be the second derivative of -p**2 + 1/6*p**3 - 2 + 54*p. What is t(8)?
6
Let k(n) = -5*n**3 - 4*n**2 - n + 5*n**2 - 1 + 2*n. Let i be (-54)/45 - (-96)/30. Let f be i/(-2) - 112/(-56). What is k(f)?
-4
Let g(q) be the third derivative of q**4/24 - 11*q**3/3 + 793*q**2 + 3. Calculate g(13).
-9
Suppose -5*c - 5*n - 10 = 0, -2*c - 2*n - 7 = 3*n. Let f be c/2 - 27/(-6). Let x(y) = -2 + 5*y**3 - 3 - 6*y**3 + 2*y + 37*y**2 - 33*y**2 + 2. Determine x(f).
5
Let l(j) = j**3 + 7*j**2 - 17*j + 18. Let n be (-50)/120*20 + 3*(-3)/(-27). Give l(n).
90
Suppose -2*w + 4*w = z + 11, 2*z = -10. Let d(v) = -11*v + 9*v - w - v + 6 + 5. Give d(13).
-31
Let u(n) be the second derivative of -n**5/60 + n**4/24 - 5*n**3/6 + 23*n**2/2 - 4*n + 12. Let a(b) be the first derivative of u(b). Give a(0).
-5
Suppose -4*w + 1 = -7. Let n(i) =